 + 41. Let c = 22 - 17. Suppose -c*k + 7 = -3*g, k + 4*k - g = 9. What is the highest common divisor of r and k?
2
Suppose 18*n = -29*n + 564. Let z = -25 + 73. Calculate the highest common divisor of z and n.
12
Suppose 0 = 32*w - 24*w - 24. Calculate the highest common divisor of 96 and w.
3
Let m(g) = 2*g + 220. Let z be m(0). What is the highest common factor of z and 55?
55
Suppose 3128 - 3099 = x. Calculate the greatest common factor of 1769 and x.
29
Suppose -3*z + z = -82. Suppose -z = -8*o - 1. Let m be o/(175/30)*14. Calculate the greatest common factor of 120 and m.
12
Suppose 415*h - 409*h = 378. Calculate the greatest common divisor of 315 and h.
63
Let j = 105 - 35. Suppose 52*n - 15*n - 406 = 112. What is the greatest common divisor of j and n?
14
Let d = 79 + -63. Let c(b) = b**2 - 8*b - 17. Let k be c(13). Calculate the greatest common factor of d and k.
16
Let v be (-139)/(-5) + 2/10. Let r = 70 - 68. Let o be (4/(-12))/(r/(-24)). Calculate the greatest common divisor of v and o.
4
Suppose -9*n = 2*n - 1716. Calculate the greatest common divisor of n and 168.
12
Suppose 5*w = -2*x + 27, 3*x = 4*w - 2*w - 7. What is the highest common factor of 1 and x?
1
Suppose 5*r = -5*w + 1340, 4*r + 4 = -12. Calculate the highest common factor of w and 64.
16
Let u = 119 + -104. Calculate the greatest common factor of u and 165.
15
Let b(x) = 2*x**2 - 2*x + 25. Let p be b(7). Suppose -17 = -7*l + p. Calculate the highest common factor of l and 2.
2
Let m be 20/(-110) + 326/(-22). Let u = m - -27. Calculate the greatest common factor of u and 18.
6
Let v = -58 + 64. Suppose -8*w + 0*w = -528. Calculate the greatest common divisor of v and w.
6
Let g = -4 + 165. Suppose 0 = 2*w + 5*x - 4 - 52, -5*w + 5*x = -105. Calculate the highest common divisor of w and g.
23
Let w be (24/(-10))/((-3)/10). Let t(m) = -m**3 + 6*m + 20. Let a be t(0). Let v = a - w. Calculate the highest common divisor of v and 8.
4
Let h(f) = -f + 9. Let g(k) = k**2 - 4*k - 2. Let p be g(-3). Suppose -3*z - p + 7 = 0. Let j be h(z). Calculate the highest common factor of 13 and j.
13
Let y(j) = 4*j - 33. Let a be y(8). Let q(z) = -14*z**3 - z**2. Let r be q(a). Let m be (3/(-2))/(-1)*26. Calculate the greatest common factor of m and r.
13
Let u = -573 + 621. Suppose 3*j - 4*p = 92, 5*p = j - 0*j - 27. What is the greatest common factor of j and u?
16
Let a(z) = -17*z - 189. Let h be a(-27). What is the greatest common divisor of h and 594?
54
Let g be -15*(-9 + 1086/(-30)). Calculate the greatest common factor of 12 and g.
6
Suppose 4*x - q - 222 = 0, 2*x - 8*q + 4*q = 118. Let d(i) = -3*i + 5. Let r be d(-2). What is the greatest common factor of x and r?
11
Suppose 0 = -2*w - g - 10, -3*w + 4*g = -w. Let r(m) = -3*m**3 - 4*m**2 - 4*m. Let p be r(w). What is the greatest common factor of 16 and p?
16
Let g(n) = 5*n + 13*n - 31*n + 9*n**2 + 14*n + 4. Let l be g(2). Calculate the greatest common factor of 63 and l.
21
Suppose 0 = 10*a + 3 - 43. What is the highest common divisor of 12 and a?
4
Let o be (16 + -21)/(1 + 0) - -63. Calculate the highest common factor of 2 and o.
2
Suppose 4*n = -20, -t - 2*t + 88 = -5*n. Let o = -21 + -66. Let d = o + 297. Calculate the greatest common factor of d and t.
21
Let f be (-8)/(-52) + (-576)/26. Let w = 29 + f. What is the greatest common divisor of w and 14?
7
Let t = 28 - 77. Let w = t - -77. Calculate the greatest common divisor of w and 21.
7
Let y = 4 - -1. Let q be (-3)/15 - (-351)/y. Let h = -623 - -798. Calculate the highest common factor of h and q.
35
Suppose 2*q + 1 = 7. Suppose -q*c = 5*z + 114, 7 = -3*c - 2. Let r be (-3 + 6)*z/(-9). What is the highest common divisor of 1 and r?
1
Suppose 148 = 2*g - c - 4*c, -3*g + 197 = 5*c. Suppose m + m - 194 = -4*r, 3*m - 107 = -2*r. Calculate the highest common divisor of r and g.
23
Suppose 5*f - 6*m + 8*m = 1635, m + 645 = 2*f. Calculate the highest common divisor of f and 65.
65
Let z be 1 + 1 - (-1 + -9). Let p be (-2)/8*-4 + -1. Suppose -2*l + 3*w - w + 38 = p, -l = -4*w - 4. Calculate the highest common divisor of l and z.
12
Suppose -24*t + 17*t + 182 = 0. What is the highest common divisor of 338 and t?
26
Suppose 107 - 17 = d. Calculate the highest common divisor of d and 75.
15
Let j = 268 - 80. What is the greatest common divisor of j and 4?
4
Let l = 103 + -89. Let y be 930/l - (-2)/(-14)*3. Calculate the highest common factor of y and 6.
6
Let f = -95 + 193. Suppose 0 = 4*l + 5*b - 92, 10*l - 16 = 9*l - 3*b. What is the highest common factor of l and f?
14
Let l be -14 + 15 + (0 - 2) + 247. Let p = l + -159. Calculate the greatest common divisor of p and 58.
29
Suppose 0 = 5*l - 5*j - 0*j - 170, -120 = -4*l - 4*j. Calculate the greatest common divisor of l and 4.
4
Let w = 30 - 22. Let u(o) = -o + 11. Let f be u(w). Calculate the highest common factor of f and 21.
3
Let a be (-9595)/(-1235) + (-3)/(-13). Calculate the greatest common divisor of a and 4.
4
Let b = -2469 + 2847. What is the greatest common factor of b and 182?
14
Suppose 0 = 2*p - 2*a - 38, 0 = -a + 2*a - 2. Suppose -2*y = y - 21. Calculate the highest common factor of p and y.
7
Let h(j) = -3*j**2 - 25*j + 3*j**2 + 28*j + j**2 - 34. Let w be h(-8). What is the highest common divisor of w and 18?
6
Suppose 5*p - 4*p + b - 1275 = 0, b = p - 1271. Calculate the highest common factor of p and 67.
67
Suppose 10 = -3*o - 44. Let z = -14 - o. Suppose -z*g = 2*g - 78. Calculate the greatest common factor of 13 and g.
13
Suppose p - 2*p - 2*w = -81, -5*w = -4*p + 272. Suppose 7*m - 4 = p. Calculate the highest common divisor of m and 22.
11
Let x(k) = 3*k**2 - 2*k + 3. Let f be x(3). Suppose -4*p = 12*p - 384. Calculate the highest common factor of p and f.
24
Suppose 4*t - 3*b - 152 - 74 = 0, 2*t + 3*b = 104. What is the highest common factor of 66 and t?
11
Let z be (-39)/(-9) + 1/(-3). Suppose -2*u + z*u = 84. What is the greatest common factor of u and 21?
21
Let o(j) = j**2 + j + 10. Let b be o(0). Let w(k) = -2*k + 4*k - k + 0*k - 7. Let q be w(11). What is the greatest common divisor of b and q?
2
Let p be (18/4)/(12/32). Calculate the greatest common divisor of p and 66.
6
Let x(s) be the second derivative of s**4/12 - s**3/2 - 3*s**2 - s. Let o be x(-7). Calculate the greatest common factor of o and 8.
8
Let k be (76/(-24))/(1*(-2)/12). Calculate the highest common factor of 57 and k.
19
Let u(f) = -97*f**3 - 2*f**2 + 1. Let w(l) = -4*l**2 - l + 1. Let h be w(2). Let o = -18 - h. Let b be u(o). What is the greatest common factor of b and 12?
12
Let r = 337 - 339. Let k = -4 + -4. Let z be (k/16)/(r/504). Calculate the highest common divisor of z and 14.
14
Let g(f) = 9 + 10*f**3 - 23 + 12 + f - f**2 + 2*f**2. Let a be g(1). Calculate the greatest common divisor of 70 and a.
10
Suppose 7*l = 4*l + 156. Let d = -28 + l. What is the highest common factor of d and 3?
3
Suppose 6*n - 51 = 15. Suppose 0 = 5*o + 13 - 3. Let w be (-16)/o*(n - 0). Calculate the greatest common divisor of 8 and w.
8
Let h be (45 - -2) + (-4 + 6 - 1). Suppose 0*k = k - h. Calculate the highest common divisor of k and 36.
12
Let d(f) = 2*f**2 - 2*f + 6. Let b be d(4). Let s(g) = 15*g**2 + 27*g + 39. Let x be s(-2). What is the highest common divisor of x and b?
15
Suppose 2*c + 10 = -14. Let f = c + 20. Let d = 10 + -2. Calculate the highest common factor of f and d.
8
Let n = -34 - 17. Let u = n - -66. What is the highest common factor of u and 105?
15
Let a be 6/(-20)*156/(-18)*5. What is the highest common factor of 182 and a?
13
Let s = -111 + 114. Suppose a - s*w - 11 = 0, -5*a + 42 = -w - w. Calculate the highest common factor of a and 104.
8
Let u = 49 + -91. Let o be (-23550)/u + -1 + 18/14. Calculate the highest common factor of 51 and o.
51
Let f be 4/(36/(-24)*16/36) + 13. Let j = -33 - -82. Calculate the greatest common divisor of f and j.
7
Let o(p) = 245*p**2 + 7*p - 9. Let n be o(1). Calculate the greatest common divisor of n and 810.
81
Let w be 2/(8/156) + (0 - -1). What is the greatest common divisor of 40 and w?
40
Let h be -19*6*(-5)/6*1. What is the greatest common factor of h and 1?
1
Let j(u) be the first derivative of 107*u**3/3 - 5*u**2/2 + 5*u + 19. Let a be j(2). Calculate the greatest common fact